{"id":2,"date":"2017-07-18T20:35:19","date_gmt":"2017-07-18T20:35:19","guid":{"rendered":"http:\/\/localhost\/wp\/wp475\/?page_id=2"},"modified":"2020-02-06T22:40:16","modified_gmt":"2020-02-06T22:40:16","slug":"sample-page","status":"publish","type":"page","link":"https:\/\/www.quast.cz\/","title":{"rendered":"O mn\u011b"},"content":{"rendered":"<p>Na za\u010d\u00e1tku bylo m\u011bsto P\u00edsek. Kr\u00e1sn\u00e9 m\u011bste\u010dko na jihu \u010cech, kde jsem se narodil a vyr\u016fstal. Po povinn\u00fdch dev\u00edti letech jsem zam\u00ed\u0159il na P\u00edseck\u00e9 gymn\u00e1zium. Na n\u011bm jsem se ani nerozkoukal a ji\u017e byl vta\u017een do v\u00edru velkom\u011bsta. Velkom\u011bsta u n\u00e1s nejv\u011bt\u0161\u00edho, Prahy. Ji\u017e od z\u00e1kladn\u00ed \u0161koly mne zaj\u00edmaly po\u010d\u00edta\u010de a pr\u00e1v\u011b Praha poskytovala skv\u011bl\u00e9 mo\u017enosti, jak se v tomto sm\u011bru rozv\u00edjet d\u00e1l. Tak\u017ee jsem do druh\u00e9ho ro\u010dn\u00edku nastoupil ji\u017e na Gymn\u00e1zium Arabsk\u00e1 do program\u00e1torsk\u00e9 t\u0159\u00eddy a poznal spousty kamar\u00e1d\u016f se stejn\u00fdm z\u00e1jmem). Zde se mi povedlo i odmaturovat a n\u00e1sledn\u011b se st\u00e1t studentem Vysok\u00e9 \u0160koly Ekonomick\u00e9 v Praze.<\/p>\n<p>Po \u00fasp\u011b\u0161n\u00e9m dokon\u010den\u00ed V\u0160E jsem pracoval pro firmu Creatix, s.r.o., \u010ceskou po\u0161tu, s.p., GE Money Bank (dnes Moneta) a aktu\u00e1ln\u011b tr\u00e1v\u00edm dny v GEM System. IT m\u011b prov\u00e1zelo odmala, po\u010d\u00edta\u010de m\u011b velmi bav\u00ed. Na \u010cP jsem z\u00edskal spousty zku\u0161enost\u00ed s treasury a \u00fa\u010detnictv\u00edm, v GE pak prohloubil znalosti datab\u00e1z\u00ed, konkr\u00e9tn\u011b Oracle a objevil komplexnost a z\u00e1ludnosti datov\u00e9ho skladu ve firm\u011b velikosti st\u0159edn\u00ed banky.<\/p>\n<p>Aktu\u00e1ln\u011b se sna\u017e\u00edm \u010d\u00edm d\u00e1l v\u00edc \u010dasu v\u011bnovat akrobacii v r\u016fzn\u00fdch podob\u00e1ch (akrojoga, z\u00e1v\u011bsn\u00e1 akrobacie, aerojoga).<\/p>\n<p>Laserov\u00e9 grav\u00edrov\u00e1n\u00ed, pro kter\u00e9 jsem zalo\u017eil Creative laser, s.r.o., jsem si aktu\u00e1ln\u011b nechal jako kon\u00ed\u010dek. P\u0159ehled m\u00e9 tvorby je mo\u017en\u00e9 vid\u011bt zde:\u00a0<a href=\"http:\/\/www.creative-laser.cz\/\">www.creative-laser.cz<\/a><\/p>\n<p>Za pozornost tak\u00e9 stoj\u00ed str\u00e1nky Moniky, kter\u00e1 vyr\u00e1b\u00ed u\u0161n\u00ed a t\u011blov\u00e9 sv\u00edce: <a href=\"http:\/\/www.moniciny-svice.cz\/\">www.moniciny-svice.cz<\/a><\/p>\n","protected":false},"excerpt":{"rendered":"<p>Na za\u010d\u00e1tku bylo m\u011bsto P\u00edsek. Kr\u00e1sn\u00e9 m\u011bste\u010dko na jihu \u010cech, kde jsem se narodil a vyr\u016fstal. Po povinn\u00fdch dev\u00edti letech jsem zam\u00ed\u0159il [&hellip;]<\/p>\n","protected":false},"author":1,"featured_media":0,"parent":0,"menu_order":0,"comment_status":"closed","ping_status":"open","template":"","meta":{"footnotes":""},"class_list":["post-2","page","type-page","status-publish","hentry"],"_links":{"self":[{"href":"https:\/\/www.quast.cz\/index.php\/wp-json\/wp\/v2\/pages\/2","targetHints":{"allow":["GET"]}}],"collection":[{"href":"https:\/\/www.quast.cz\/index.php\/wp-json\/wp\/v2\/pages"}],"about":[{"href":"https:\/\/www.quast.cz\/index.php\/wp-json\/wp\/v2\/types\/page"}],"author":[{"embeddable":true,"href":"https:\/\/www.quast.cz\/index.php\/wp-json\/wp\/v2\/users\/1"}],"replies":[{"embeddable":true,"href":"https:\/\/www.quast.cz\/index.php\/wp-json\/wp\/v2\/comments?post=2"}],"version-history":[{"count":5,"href":"https:\/\/www.quast.cz\/index.php\/wp-json\/wp\/v2\/pages\/2\/revisions"}],"predecessor-version":[{"id":32,"href":"https:\/\/www.quast.cz\/index.php\/wp-json\/wp\/v2\/pages\/2\/revisions\/32"}],"wp:attachment":[{"href":"https:\/\/www.quast.cz\/index.php\/wp-json\/wp\/v2\/media?parent=2"}],"curies":[{"name":"wp","href":"https:\/\/api.w.org\/{rel}","templated":true}]}}